. Calculate x(-1).
14
Let x(q) = q**2 + 3*q + 1. Let m = 2 + 0. Suppose -3*o = -f + 7, -m*f - o - 3*o = 16. Let s = -4 - f. Determine x(s).
-1
Let v(q) = -2*q. Let x(y) = -y + 11. Suppose -23 = -2*f - 5. Let i be x(f). Give v(i).
-4
Let s(z) be the third derivative of -z**4/24 - z**3/3 + 49*z**2. Let x(q) = -q - 3. Let t be x(-5). What is s(t)?
-4
Let b(i) = -i**3 + 6*i**2 - 4*i - 7. Let f be 7*2 - 0/(-3). Suppose c = 3*w + 5*c + f, c - 19 = 3*w. Let l be 4/(-6) + (-34)/w. Give b(l).
-2
Let l be 40/7 - 6/(-21). Let q(z) = -z + 3. What is q(l)?
-3
Suppose -5*m - 2 = 3. Let c(v) be the first derivative of -3*v**4/4 + 2*v**3/3 - v - 19. Calculate c(m).
4
Suppose 12*m + 0*m - 12 = 0. Let q(f) = 10*f**3 - f. Determine q(m).
9
Let d = -22 - -16. Let u = 1 + d. Let r = u + 5. Let q(g) = g**3 - g - 4. Determine q(r).
-4
Suppose 0 = -q - 2*q + 4*q. Let m(i) = i**2 + 7. Determine m(q).
7
Let q(o) = o**3 - 2. Let k = -1 + 5. Let x be (4/(-5))/(k/10). Determine q(x).
-10
Let h(p) be the first derivative of -p**4/4 + p**3 + p**2/2 + 3*p + 2. Let w be (-2)/9 - 38/(-9). Calculate h(w).
-9
Let j(g) = -2*g**2 - 6*g - 1. Let f = 6 + -10. Determine j(f).
-9
Let m(t) be the third derivative of -t**6/120 + t**5/12 + t**4/4 + 5*t**3/6 - 11*t**2. Determine m(6).
5
Let u(r) be the second derivative of r**4/12 - 4*r**3/3 + 3*r**2/2 - 7*r. What is u(5)?
-12
Let u be 1/((-11)/5 - -2). Let y be 3/(-4) + (-180)/(-48). Let a(f) = -10*f**2 + 4 - f**3 + 5*f**2 + 0*f**y. Determine a(u).
4
Let s(d) be the first derivative of d**2 - d + 3. Let n = 2 - -2. Determine s(n).
7
Let m(x) = -9*x + 17. Let p(j) = -5*j + 9. Let h(r) = 4*m(r) - 7*p(r). What is h(3)?
2
Let d(w) = 3*w + 6 + 1 - 14. What is d(5)?
8
Let w be 0/(-3 - 0) + -3. Let c(l) = l + 4. Give c(w).
1
Let p(t) be the first derivative of t**2/2 + t + 4. Suppose -7 - 17 = 4*h. Determine p(h).
-5
Let b(c) = -4 - 1 + 4*c + 3 - 3. Suppose -2*r + 3*a + 23 = 0, -r - a + 0*a - 1 = 0. Calculate b(r).
11
Let q(k) = -5*k - 2. Let z(x) = -x + 1. Let r(a) = -q(a) + 4*z(a). Determine r(-4).
2
Suppose -66 + 1 = -5*a. Let s = -11 + a. Let i(u) = -3*u + 2*u - 2 + 4*u. Give i(s).
4
Let z(s) = -5*s**3 - 3*s**2 + 3*s - 5. Let j(n) = -14*n**3 - 10*n**2 + 8*n - 16. Let x(l) = -4*j(l) + 11*z(l). Calculate x(-7).
2
Let m = -18 + 19. Suppose 0 = -2*l - m - 1. Let x(n) = -9*n**3 - n**2. Calculate x(l).
8
Let w(n) = -2*n - 2. Let i be w(-2). Let o(v) = -v + 4. Let y be o(2). Let r(p) = -p - i + 0 + y*p. What is r(-3)?
-5
Let l(k) be the second derivative of -k**4/12 + k**3/2 + 3*k**2/2 - 15*k. What is l(-2)?
-7
Let t(i) = 26 + i + 0*i - 14 + 0*i. Determine t(0).
12
Let l(h) = h**3 + 10*h**2 - 10*h + 15. Let q(r) = r - 7. Let f be q(-4). What is l(f)?
4
Let n(k) be the first derivative of k**3/3 + 4*k**2 + 5*k - 77. Determine n(-6).
-7
Let y(m) = m**2 - m + 3. Let n be y(0). Let f(h) be the second derivative of -2*h - 1/12*h**4 + 2*h**2 + 1/2*h**3 + 0. What is f(n)?
4
Let y(f) = 2*f**2 + f. Let l = -8 + 7. Let u be y(l). Let h(a) = 13*a - 1. Give h(u).
12
Let f(p) = -7*p**2 - 2*p - 4. Let w(j) = -13*j**2 - 4*j - 7. Let v(q) = -5*f(q) + 3*w(q). Let i be 1/(-2) + 1/(-2). Determine v(i).
-3
Let f(i) = 12*i + i**2 + 7*i - 26*i + 3 + 11*i. Determine f(-3).
0
Let h(p) = -204*p**2 - p + 208*p**2 + 8 - 4 + p**3. What is h(-5)?
-16
Let f(w) be the first derivative of w**4/4 + 4*w**3/3 + 3*w**2/2 - 8. Determine f(-3).
0
Let w(q) = -3*q**2 - 22*q - 1. Let r(s) = -s**2 - 7*s. Let p(o) = 7*r(o) - 2*w(o). Give p(-5).
2
Let x(d) = -2*d**3 + 3*d**2 - d + 2. Let w = 13 - 11. Determine x(w).
-4
Let b(d) = -d - 2. Let y(k) = k + 2. Let m be y(-4). What is b(m)?
0
Let k = 136 + -133. Let t(c) be the third derivative of 0*c**4 + c**2 + 0 + 0*c - 1/20*c**5 + 1/120*c**6 - 1/6*c**3. What is t(k)?
-1
Let m(h) = -h**2 + h + 7. Let r be (-10)/4*(-4)/5. Suppose 8 = -r*c + 2*x, 4*x = -0*x + 16. Give m(c).
7
Let w(g) = g - 1. Let k(t) = -t**2 + 10. Suppose h + 8 = 3*h, 2*h - 4 = 4*r. Let d(l) = -3*l - 2. Let a be d(-2). Let m(q) = a*w(q) + r*k(q). Calculate m(5).
1
Let d = 3 + -2. Let g(m) = -2*m**2 - d + 3 + 0. Let o be (-2 - 2)/(4 - 2). Determine g(o).
-6
Let l be 9/6 + 1 + -2. Let s(p) be the second derivative of -1/20*p**5 + 2/3*p**3 - 3*p + l*p**2 + 0 + 1/12*p**4. Calculate s(3).
-5
Suppose 12 = -3*t, 4*t = b - 0*b - 20. Let x(f) be the second derivative of 1/4*f**b - 4*f - 1/6*f**3 - 1/2*f**2 + 0 + 1/20*f**5. Calculate x(-2).
5
Let a(g) = -g**2 - 8*g - 7. Let r be a(-6). Suppose 5*k - w + 6*w = -20, 4*w = r*k + 29. Let n(c) = c**2 + 6*c + 7. Give n(k).
2
Let x(g) = -g - 1. Let v be x(-4). Let t(k) = -5*k**v - 20*k**2 + 19*k**2 + 4*k - 1 - 3*k + 0. Calculate t(1).
-6
Suppose 4*t = 3*y - 14, 2*y + 3 = -4*t - 1. Suppose -a - y = 3. Let c(n) = -n**3 - 4*n**2 + 7*n + 6. Determine c(a).
-4
Let l(g) = -g**2 + 2*g + 4. Let t(q) = -2*q - 12. Let v be t(-8). Suppose -v - 21 = -5*b. Give l(b).
-11
Let l(r) = r**3 + 2*r**2 - 1. Let i = 28 + -27. Determine l(i).
2
Let x(g) = -8*g**3 + 2*g**2 + 0 - 1 + 0*g**2. Suppose -4 = -j - 3. Calculate x(j).
-7
Let a(s) = -3*s**2 - 3*s - 4. Let n(d) = -d**2 - 1. Let r(k) = -a(k) + n(k). Suppose z - 5 - 1 = -3*g, -2*z + g = 9. Give r(z).
12
Let f(g) be the third derivative of -g**6/120 + g**5/10 + g**4/3 - 7*g**3/6 - 7*g**2. What is f(7)?
0
Let j = 44 + -30. Suppose 0 = 2*y - 6*y + 2*n + j, -12 = -4*n. Let d(a) = -2*a + 2. Give d(y).
-8
Let v(g) = -3*g. Let q be v(-2). Let h = -4 + q. Let t(m) be the third derivative of -m**4/24 + 5*m**2. Give t(h).
-2
Let b(q) = 20*q**2 - 14*q - 17. Suppose 3*l + 6 = p, -3*l = 3*p - l - 18. Let f(k) = -7*k**2 + 5*k + 6. Let t(u) = p*b(u) + 17*f(u). What is t(-1)?
0
Let f(m) = -2*m + 3. Let g be (-1)/((3/9)/(-1)). Suppose 2*w = -2*l - l + 16, 0 = -2*l + g*w + 2. What is f(l)?
-5
Let d(j) = 3*j**2 + 6*j - j**3 - 2 - 3*j**2 + 7 - 4*j**2. Let u be -1 - (0 + 1*-33). Suppose -4*s = a + u - 8, -2*s = -2*a + 2. Determine d(s).
0
Let i = -5 - -7. Let o(v) = 3*v - 4 - 3*v - 3*v - 4*v - v**i. What is o(-6)?
2
Let i(g) = 2*g + 23. Let q(z) = -z - 1. Let r(a) = i(a) + 3*q(a). Give r(0).
20
Let t = 12 + -6. Suppose 15 = -z + t*z. Suppose -z*y = 3*k + 3, 16 = 5*k - k. Let w(l) = -3*l - 7. Give w(y).
8
Let n(g) be the second derivative of g**5/20 - g**4/4 + g**3/3 - g**2 - 6*g. Calculate n(2).
-2
Let p(u) = -u**3 + 4*u**2 - 2*u + 5. Let x be 2/(-4)*(-12)/(-3). Let k = x - -3. Let q = k + 3. Calculate p(q).
-3
Let w(f) = -f**2 - 6*f + 4. Let p(n) = -2*n + 3. Let v be p(5). Determine w(v).
-3
Let p(w) = 2*w**2 + 5*w + 2. Let q be p(-3). Let g be (-39)/13 + 3 + 0. Let z(c) = 2 - 4*c**3 + g*c**3 + 8*c - 6*c**2 - 3*c + 5*c**3. What is z(q)?
2
Let a(j) = -3*j + 4. Let t(u) = -17*u**2 + 8*u - 11. Let q(h) = -h - 4*h**2 + 4*h - 4 - 2*h**2. Let y(c) = 11*q(c) - 4*t(c). Let i be y(1). Determine a(i).
-5
Suppose 2*c = 3 - 15. Let j(r) = r**3 + 5*r**2 - 6*r + 5. Determine j(c).
5
Let s(k) be the second derivative of k**5/10 + k**3/6 + 2*k. Let f(l) = -l**2 + 3*l - 3. Suppose -2*y = -4*v + 8 - 0, 3*y = 3*v - 3. Let q be f(y). Give s(q).
-3
Let n(y) be the first derivative of -2*y - 1/3*y**3 - 3/2*y**2 + 2. What is n(-4)?
-6
Let q(b) = 5*b**3 + 13*b + 28. Let v(i) = i**3 + 3*i + 7. Let c(m) = 2*q(m) - 9*v(m). Determine c(0).
-7
Let l(m) = m**2 - 7*m + 2. Let h = -15 + 20. Determine l(h).
-8
Let z(t) be the third derivative of t**5/60 - t**4/8 - t**3/6 + 6*t**2. Give z(4).
3
Let c(h) = 0*h + 1 + h - 3 - 2. Give c(6).
2
Let r(a) = -3*a + 6. Let o be (3/6 + -1)*-26. Let l = o - 9. Determine r(l).
-6
Let h be (-1 - (1 + -2))/(-1). Suppose 3*o - 6*o + 6 = 0. Let n(f) = -3*f**2 + 4*f**o - 5*f**2 + f + 5*f**2 + 3. What is n(h)?
3
Suppose -40 = -3*s + 29. Suppose s = 5*v - 4*j - 4, -v - 12 = 5*j. Let h(w) = -2*w**2 + 3 + v*w**2 - w - 3*w + 5*w. Give h(-3).
9
Let g(q) be the second derivative of q**4/12 - q**3/6 - 3*q**2 + 19*q. Give g(-5).
24
Let t(l) be the second derivative of -l**4/12 - 7*l**3/6 + 2*l**2 + 3*l. Calculate t(-7).
4
Let m(n) = n**3 + 1. Let s(o) = 5*o**3 + 2*o**2 - o + 5. Let p(a) = -3*m(a) + s(a). What is p(-2)?
-4
Let l(h) be the third derivative of 7/24*h**4 + 0 + 0*h - 3*h**2 - 1/2*h**3. Determine l(2).
11
Let p(q) = -10*q + 1. Let t(x) = -21*x + 2. Let v(h) = 13*p(h) - 6*t(h). Let y(w) = w**2 + w. Let b be y(-2). Calculate v